{"id":3141,"date":"2024-03-11T22:30:32","date_gmt":"2024-03-11T21:30:32","guid":{"rendered":"https:\/\/arkuswork.com\/?page_id=3141"},"modified":"2024-03-11T22:48:43","modified_gmt":"2024-03-11T21:48:43","slug":"3141-2","status":"publish","type":"page","link":"https:\/\/arkuswork.com\/?page_id=3141","title":{"rendered":"LOGOS &#038; ILLUSTRATIONS"},"content":{"rendered":"\n<h2 class=\"gb-headline gb-headline-2b32aae5 gb-headline-text\">Ici vous trouverez quelques unes des cr\u00e9ations num\u00e9riques r\u00e9alis\u00e9es le plus souvent pour des logos ou des illustrations toujours en rapport avec les animaux<\/h2>\n\n\n\n<p class=\"has-text-align-center\"><strong>Contactez-moi <\/strong>pour un devis<\/p>\n\n\n\n<p><\/p>\n\n\n\nngg_shortcode_0_placeholder\n","protected":false},"excerpt":{"rendered":"<p>Ici vous trouverez quelques unes des cr\u00e9ations num\u00e9riques r\u00e9alis\u00e9es le plus souvent pour des logos ou des illustrations toujours en rapport avec les animaux Contactez-moi pour un devis<\/p>\n","protected":false},"author":2,"featured_media":0,"parent":0,"menu_order":0,"comment_status":"closed","ping_status":"closed","template":"","meta":{"om_disable_all_campaigns":false,"_monsterinsights_skip_tracking":false,"_monsterinsights_sitenote_active":false,"_monsterinsights_sitenote_note":"","_monsterinsights_sitenote_category":0,"_uf_show_specific_survey":0,"_uf_disable_surveys":false,"ngg_post_thumbnail":0,"footnotes":""},"class_list":["post-3141","page","type-page","status-publish"],"aioseo_notices":[],"_links":{"self":[{"href":"https:\/\/arkuswork.com\/index.php?rest_route=\/wp\/v2\/pages\/3141","targetHints":{"allow":["GET"]}}],"collection":[{"href":"https:\/\/arkuswork.com\/index.php?rest_route=\/wp\/v2\/pages"}],"about":[{"href":"https:\/\/arkuswork.com\/index.php?rest_route=\/wp\/v2\/types\/page"}],"author":[{"embeddable":true,"href":"https:\/\/arkuswork.com\/index.php?rest_route=\/wp\/v2\/users\/2"}],"replies":[{"embeddable":true,"href":"https:\/\/arkuswork.com\/index.php?rest_route=%2Fwp%2Fv2%2Fcomments&post=3141"}],"version-history":[{"count":3,"href":"https:\/\/arkuswork.com\/index.php?rest_route=\/wp\/v2\/pages\/3141\/revisions"}],"predecessor-version":[{"id":3163,"href":"https:\/\/arkuswork.com\/index.php?rest_route=\/wp\/v2\/pages\/3141\/revisions\/3163"}],"wp:attachment":[{"href":"https:\/\/arkuswork.com\/index.php?rest_route=%2Fwp%2Fv2%2Fmedia&parent=3141"}],"curies":[{"name":"wp","href":"https:\/\/api.w.org\/{rel}","templated":true}]}}